{"id":35,"date":"2019-01-04T17:11:42","date_gmt":"2019-01-04T16:11:42","guid":{"rendered":"https:\/\/www.welpen.de\/zuechter\/hildebrand\/cms\/cms\/?page_id=35"},"modified":"2019-01-04T17:17:10","modified_gmt":"2019-01-04T16:17:10","slug":"gut-zu-wissen","status":"publish","type":"page","link":"https:\/\/www.welpen.de\/zuechter\/hildebrand\/gut-zu-wissen\/","title":{"rendered":"Gut zu wissen"},"content":{"rendered":"<h2 class=\"wp-block-heading\">meine Meinung zu:<\/h2>\n\n\n\n<p><strong>dem genomischen Test des SSVs:&nbsp;<\/strong>seit 2011 \u201eein Forschungsprojekt\u201c an dem sich zur Zeit kein weiterer VDH Verein beteiligt, obwohl viele Rassen von dem Problem der nicht vorhandenen Langlebigkeit betroffen sind. Mit Druck wird auf die Z\u00fcchter des SSVs die Teilnahme an diesem Forschungsprojekt ausge\u00fcbt, obwohl die Daten f\u00fcr das einzelne Zuchttier so gut wie keine Aussagekraft haben. Fundierten Ergebnissen d\u00fcrfte es in ca. 15 Jahren geben. Sollte ich diesbez\u00fcglich nicht auf dem aktuellen Stand sein, bitte ich um belegbare Informationen\u2026\u2026<\/p>\n\n\n\n<p><strong>Alterstruktur der Zuchttiere:<\/strong>&nbsp;f\u00fcr mich wichtig sind die direkten Vorfahren; heisst bei meinen H\u00fcndinnen wei\u00df ich genau wie alt die Vorfahren wurden und woran sie starben, das selbe m\u00f6chte ich \u00fcber die eingesetzten Deckr\u00fcden wissen. Einfluss auf Haltung und Ern\u00e4hrung, was bekanntlicher weise mindestens die H\u00e4lfte bei Langlebigkeit ausmacht, habe ich nur bei meinen eigenen H\u00fcndinnen. Bei jedem Wurf berechne ich deren \u201edurchschnittliche\u201c Lebensdauer. Bei einer Verpaarung m\u00fcssen die Elterntiere der zu erwartenden Welpen ein \u201emindest\u201c-Durchschnittsalter von 8 Jahren haben oder 7,5 Jahren sofern noch einige der Vorfahren zu dem Zeitpunkt am Leben sind.<\/p>\n\n\n\n<p><strong>SH-Pre Test (Artegene):&nbsp;<\/strong>f\u00fcr mich die bessere Variante, da seit \u00fcber 10 Jahren ein Forschungsprojekt mit xy ausgewerteten Hunden zur genetischen Vererbung der Lebenserwartung von Berner Sennenhunden. (einfach ausgedr\u00fcckt) Die Einstufung in 3 Gruppen kann Z\u00fcchtern eine zus\u00e4tzliche Hilfe bei Verpaarungen sein. Einen \u00e4hnlichen Test beinhaltet das vom SSV unterst\u00fctzte Gen. Forschungsprojekt (seit 2011 mit derzeit ca 1000 ausgewerteten Hunden), wobei ich nach wie vor nicht verstehen kann warum man sich nicht mit Artegene zusammen getan hat um diese Forschung voranzutreiben, zumal die Schweizer Z\u00fcchter alle seit Jahren dieses Forschungsprojekt unterst\u00fctzen.<\/p>\n\n\n\n<p><strong>Degenerative Mylopathie :<\/strong>&nbsp;eine Genetische Erkrankung die im Alter (ab ca. 8 Jahren) zu einer L\u00e4hmung der Hinterhand f\u00fchrt. Mit einem einfachen Bluttest und einer genetischen Auswertung kann eindeutig die Veranlagung zu dieser Erkrankung festgestellt werden und somit die Zucht von \u201eevtl. erkrankenden\u201c Hunden vermieden werden. Leider ist man im SSV der Meinung dass viele Berner so alt nicht werden und wir deshalb auch keine strenge Vorgabe f\u00fcr DM bei Verpaarungen brauchen. Es g\u00e4be nicht so viele erkrankte Hunde; aber bereits ein einziger daran erkrankter Hund ist zu viel wenn dieses Risiko vorher auszuschlie\u00dfen ist. Das sehen verantwortungsvolle Z\u00fcchter Gott sei Dank auch so !<\/p>\n\n\n\n<p style=\"background-color:#d1e2e9\" class=\"has-background\"><br><strong>HD\/ED : schon vor \u00fcber 30 Jahren ging keines unserer Zuchttiere ohne R\u00f6ntgenauswertung in die Zucht, so dass wir \u00fcber Jahre hinweg die Ergebnisse verbessern konnten. Sehr hilfreich ist dabei der Zuchtwert in der Datenbank, der bereits vor einer Verpaarung berechnen wird und bei dem es f\u00fcr HD auch Vorgaben im SSV gibt.<\/strong><\/p>\n\n\n\n<p><strong>Inzucht:&nbsp;<\/strong>\u201emein Ziel\u201c ist es bei einer Verpaarung in den ersten 5 Generationen der Elterntiere keinen Vorfahren doppelt zu haben. Bei Inzucht kann man \u201eGUTES\u201c verdoppelt aber ich habe eher Angst \u201eSCHLECHTES\u201c wir Krankheiten etc zu verdoppeln\u2026 Wir m\u00fcssen dringend darauf achten unseren Genpool nicht weiter zu reduzieren. Die Gefahr dazu besteht durch gewisse Einschr\u00e4nkungen durch Vereinsvorgaben und auch durch den \u201eunbegrenzten\u201c Einsatz von sehr erfolgreichen Deckr\u00fcden (den Multi-Champions)<\/p>\n\n\n\n<p><strong>Austausch mit \u201eaktuellen und\/oder erfahrenen\u201c Z\u00fcchtern:<\/strong>&nbsp;Immer und gerne! Aber auf Ratschl\u00e4ge oder Vorgaben von Z\u00fcchtern die \u201efr\u00fcher\u201c mal einige W\u00fcrfe hatten und in den vergangenen Jahren keine eigene Hunde im SSV gez\u00fcchtet habe, kann ich gerne verzichten !<\/p>\n\n\n\n<p><strong>Erziehung:&nbsp;<\/strong>zu einem alltagstauglichen, vertr\u00e4glichen und gehorsamen Hund f\u00fcr mich KEIN \u201enice to have\u201c sondern ein \u201emust have\u201c .<\/p>\n\n\n\n<p><strong>Und abschlie\u00dfend:<\/strong>&nbsp;Ehrgeiz und Profilierungsgehabe haben weder in einem Zuchtverein noch in einer verantwortungsvollen Zucht etwas zu suchen. Einfach ein \u201egesundes Mittelma\u00df\u201c bei Ausstellungen, in Pr\u00fcfungen, im Ehrenamt und in der Haltung\/Aufzucht anzustreben das ist mein Ziel.<\/p>","protected":false},"excerpt":{"rendered":"<p>meine Meinung zu: dem genomischen Test des SSVs:&nbsp;seit 2011 \u201eein Forschungsprojekt\u201c an dem sich zur Zeit kein weiterer VDH Verein beteiligt, obwohl viele Rassen von dem Problem der nicht vorhandenen Langlebigkeit betroffen sind. Mit Druck wird auf die Z\u00fcchter des <a class=\"more-link\" href=\"https:\/\/www.welpen.de\/zuechter\/hildebrand\/gut-zu-wissen\/\">Weiterlesen\u00a0\u2026<\/a><\/p>\n","protected":false},"author":1,"featured_media":0,"parent":0,"menu_order":0,"comment_status":"closed","ping_status":"closed","template":"","meta":{"footnotes":""},"class_list":["post-35","page","type-page","status-publish","hentry"],"_links":{"self":[{"href":"https:\/\/www.welpen.de\/zuechter\/hildebrand\/wp-json\/wp\/v2\/pages\/35","targetHints":{"allow":["GET"]}}],"collection":[{"href":"https:\/\/www.welpen.de\/zuechter\/hildebrand\/wp-json\/wp\/v2\/pages"}],"about":[{"href":"https:\/\/www.welpen.de\/zuechter\/hildebrand\/wp-json\/wp\/v2\/types\/page"}],"author":[{"embeddable":true,"href":"https:\/\/www.welpen.de\/zuechter\/hildebrand\/wp-json\/wp\/v2\/users\/1"}],"replies":[{"embeddable":true,"href":"https:\/\/www.welpen.de\/zuechter\/hildebrand\/wp-json\/wp\/v2\/comments?post=35"}],"version-history":[{"count":2,"href":"https:\/\/www.welpen.de\/zuechter\/hildebrand\/wp-json\/wp\/v2\/pages\/35\/revisions"}],"predecessor-version":[{"id":47,"href":"https:\/\/www.welpen.de\/zuechter\/hildebrand\/wp-json\/wp\/v2\/pages\/35\/revisions\/47"}],"wp:attachment":[{"href":"https:\/\/www.welpen.de\/zuechter\/hildebrand\/wp-json\/wp\/v2\/media?parent=35"}],"curies":[{"name":"wp","href":"https:\/\/api.w.org\/{rel}","templated":true}]}}