{"id":25,"date":"2019-01-04T14:35:47","date_gmt":"2019-01-04T13:35:47","guid":{"rendered":"https:\/\/www.welpen.de\/zuechter\/hildebrand\/cms\/cms\/?page_id=25"},"modified":"2025-05-02T07:34:22","modified_gmt":"2025-05-02T05:34:22","slug":"unsere-zucht","status":"publish","type":"page","link":"https:\/\/www.welpen.de\/zuechter\/hildebrand\/unsere-zucht\/","title":{"rendered":"Unsere Zucht"},"content":{"rendered":"<figure class=\"wp-block-image\"><img loading=\"lazy\" decoding=\"async\" width=\"720\" height=\"960\" src=\"https:\/\/www.welpen.de\/zuechter\/hildebrand\/cms\/cms\/wp-content\/uploads\/2019\/01\/wald.jpg\" alt=\"\" class=\"wp-image-84\" srcset=\"https:\/\/www.welpen.de\/zuechter\/hildebrand\/cms\/wp-content\/uploads\/2019\/01\/wald.jpg 720w, https:\/\/www.welpen.de\/zuechter\/hildebrand\/cms\/wp-content\/uploads\/2019\/01\/wald-225x300.jpg 225w\" sizes=\"auto, (max-width: 720px) 100vw, 720px\" \/><\/figure>\n\n\n\n<ul class=\"wp-block-list\">\n<li>A-Wurf Isabelle vom Erbachbrunnen &amp; Cherry von der Sonnenseite<\/li>\n\n\n\n<li>B-Wurf Isabelle vom Erbachbrunnen &amp; Cherry von der Sonnenseite<\/li>\n\n\n\n<li>C-Wurf Marylou vom Erbachbrunnen &amp; Iwan von der Holderstockh\u00f6he<\/li>\n\n\n\n<li>D-Wurf Marylou vom Erbachbrunnen &amp; Iwan von der Holderstockh\u00f6he<\/li>\n\n\n\n<li>E-Wurf Marylou vom Erbachbrunnen &amp; Dorian von Buchenau<\/li>\n\n\n\n<li>F-Wurf Gibsy vom R\u00f6telbachtal &amp; Laurin von Schnetzenschachen<\/li>\n\n\n\n<li>G-Wurf Gibsy vom R\u00f6telbachtal &amp; Laurin von Schnetzenschachen<\/li>\n\n\n\n<li>H-Wurf Daschiwah v.d. Helvetiern am Erbach &amp; Laurin von Schnetzenschachen<\/li>\n\n\n\n<li>I-Wurf Marylou vom Erbachbrunnen &amp; Laurin von Schnetzenschachen<\/li>\n\n\n\n<li>J-Wurf Daschiwah v.d. Helvetiern am Erbach &amp; Laurin von Schnetzenschachen<\/li>\n\n\n\n<li>K-Wurf Celine v.d. Helvetiern am Erbach &amp; Laurin von Schnetzenschachen<\/li>\n\n\n\n<li>L-Wurf Celine v.d. Helvetiern am Erbach &amp; Laurin von Schnetzenschachen<\/li>\n\n\n\n<li>M-Wurf Gibsy vom R\u00f6telbachtal &amp; Laurin von Schnetzenschachen<\/li>\n\n\n\n<li>N-Wurf Daschiwah v.d. Helvetiern am Erbach &amp; Laurin von Schnetzenschachen<\/li>\n\n\n\n<li>O-Wurf Daschiwah v.d. Helvetiern am Erbach &amp; Ricco v.d. Hammersklinge<\/li>\n\n\n\n<li>P-Wurf Omyra v.d. Helvetiern am Erbach &amp; Dino von der hohen Linde<\/li>\n\n\n\n<li>Wurf Omyra v.d. Helvetiern am Erbach &amp; Ximba vom Wolfrain<\/li>\n\n\n\n<li>R-Wurf Omyra v.d. Helvetiern am Erbach &amp; Dino von der hohen Linde<\/li>\n\n\n\n<li>S-Wurf Quayla v.d. Helvetiern am Erbach &amp; Cero vom Alten Holz<\/li>\n\n\n\n<li>T-Wurf Quayla v.d. Helvetiern am Erbach &amp; Cero vom Alten Holz<\/li>\n\n\n\n<li>U-Wurf Rayka v.d. Helvetiern am Erbach &amp; Lord B\u00e4ri vom B\u00e4rim\u00e4tteli<\/li>\n\n\n\n<li>V-Wurf Rayka v.d. Helvetiern am Erbach &amp; Doremis Wambo Brad<\/li>\n\n\n\n<li>W-Wurf Sunshine v.d. Helvetiern am Erbach &amp; Karlo v. Verlorenen Wasser<\/li>\n\n\n\n<li>X-Wurf Quayla v.d. Helvetiern am Erbach &amp; Jerry de Marais de Champagne<\/li>\n\n\n\n<li>Y-Wurf Udanah v.d. Helvetiern am Erbach &amp; Lasco vom Kleinholz<\/li>\n\n\n\n<li>Z-Wurf Rayka v.d. Helvetiern am Erbach &amp; Querido vom Kohlenberg<\/li>\n\n\n\n<li>A-Wurf Sunshine v.d. Helvetiern am Erbach &amp; Quino v. Fichta<\/li>\n\n\n\n<li>B-Wurf Rayka v.d. Helvetiern am Erbach &amp; Royal Touch de Marais de Champagne<\/li>\n\n\n\n<li>C-Wurf Udanah v.d. Helvetiern am Erbach &amp; Camillo vom Bachgrund<\/li>\n\n\n\n<li>D-Wurf Yamelle v.d. Helvetiern am Erbach &amp; Arne vom Kammergut<\/li>\n\n\n\n<li>E-Wurf Yamelle v.d. Helvetiern am Erbach &amp; Janosch von der Vagabundenh\u00fctte<\/li>\n\n\n\n<li>F-Wurf Boney J v.d. Helvetiern am Erbach &amp; Forest Gamp de Carallsa<\/li>\n\n\n\n<li>G-Wurf Boney J v.d. Helvetiern am Erbach &amp; Owen vom Rickenwind<\/li>\n\n\n\n<li>H-Wurf Fippsy v.d. Helvetiern am Erbach &amp; Picasso vom Rickenwind<\/li>\n\n\n\n<li>I-Wurf Fippsy v.d. Helvetiern am Erbach &amp; Owen vom Rickenwind<\/li>\n\n\n\n<li>J-Wurf H\u00e4xliMaus v.d. Helvetiern vom Erbach &amp; Noctimbul de Notre Dame des Neiges<\/li>\n\n\n\n<li>K-Wurf Eyota-Baronelly vom Schexhof &amp; Berntiers Phantom<\/li>\n\n\n\n<li>L-Wurf Hassiba v.d. Helvetiern am Erbach &amp; Berntiers Phantom<\/li>\n\n\n\n<li>M-Wurf Eyota-Baronelly vom Schexhof &amp; Venyim Gyngye Oszkar<\/li>\n\n\n\n<li>N-Wurf Hassiba v.d. Helvetiern am Erbach &amp; Except you George von Sasaunna<\/li>\n\n\n\n<li>O-Wurf H\u00e4xliMaus vd Helvetiern am Erbach &amp; Welcome Lucky Choice Tasmansaka Elitte<\/li>\n\n\n\n<li>P- Wurf Nouschca vd Helvetiern am Erbach &amp; Jester vom Schladlitzer See<\/li>\n\n\n\n<li>Q-Wurf Choupette von den Elter D\u00fcnen &amp; Onix Orion vom Kleinholz<\/li>\n\n\n\n<li>R-Wurf Mychoice vd Helvetiern am Erbach &amp; Onix Orion vom Kleinholz<\/li>\n<\/ul>","protected":false},"excerpt":{"rendered":"","protected":false},"author":1,"featured_media":0,"parent":0,"menu_order":0,"comment_status":"closed","ping_status":"closed","template":"","meta":{"footnotes":""},"class_list":["post-25","page","type-page","status-publish","hentry"],"_links":{"self":[{"href":"https:\/\/www.welpen.de\/zuechter\/hildebrand\/wp-json\/wp\/v2\/pages\/25","targetHints":{"allow":["GET"]}}],"collection":[{"href":"https:\/\/www.welpen.de\/zuechter\/hildebrand\/wp-json\/wp\/v2\/pages"}],"about":[{"href":"https:\/\/www.welpen.de\/zuechter\/hildebrand\/wp-json\/wp\/v2\/types\/page"}],"author":[{"embeddable":true,"href":"https:\/\/www.welpen.de\/zuechter\/hildebrand\/wp-json\/wp\/v2\/users\/1"}],"replies":[{"embeddable":true,"href":"https:\/\/www.welpen.de\/zuechter\/hildebrand\/wp-json\/wp\/v2\/comments?post=25"}],"version-history":[{"count":10,"href":"https:\/\/www.welpen.de\/zuechter\/hildebrand\/wp-json\/wp\/v2\/pages\/25\/revisions"}],"predecessor-version":[{"id":673,"href":"https:\/\/www.welpen.de\/zuechter\/hildebrand\/wp-json\/wp\/v2\/pages\/25\/revisions\/673"}],"wp:attachment":[{"href":"https:\/\/www.welpen.de\/zuechter\/hildebrand\/wp-json\/wp\/v2\/media?parent=25"}],"curies":[{"name":"wp","href":"https:\/\/api.w.org\/{rel}","templated":true}]}}